 = -544. Suppose -r = -3*d - 0*n + 4*n, -3*n - 9 = 0. Is d prime?
False
Let h be 0 + (-6)/9*-3. Suppose 0 = h*q - 54 - 52. Is q a prime number?
True
Is (-2)/((-8)/1) + (-5046)/(-8) composite?
False
Let f(h) = 97*h**2 + 9*h - 11. Is f(3) composite?
True
Let i = -214 - -437. Is i a composite number?
False
Is (-1)/((15/(-3639))/5)*1 prime?
True
Let l = -3 - -7. Let p be 12/(2/l + 1). Suppose -p = 4*a - 228. Is a composite?
True
Suppose -2*d = -2*l + 4, -l = -2*d - d + 2. Suppose d*z + z = 9. Suppose 6*s - z*s - 69 = 0. Is s a composite number?
False
Is 524 - ((-27)/(-45))/((-1)/(-5)) a composite number?
False
Let s = -66 - -214. Suppose 0 = -2*h - 2*h + s. Is h a prime number?
True
Suppose 5*x - 46 = -2*w - w, 0 = 3*x + 2*w - 28. Let b be (-62)/(-3) - 2/(-6). Let l = b - x. Is l prime?
True
Let c be -8*(-2)/8*1. Suppose 3*o - 3*g = -2*o + 734, -3*g = c*o - 281. Is o composite?
True
Let b = 36 + -26. Let m(s) = 13*s - 9. Is m(b) composite?
True
Let w = -353 + 784. Is w composite?
False
Let u(w) = -w - 3. Is u(-6) composite?
False
Let z(o) = -o**2 - 8*o - 7. Let b be z(-6). Let p = b + -1. Suppose -29 = -j + p*d, -49 = -3*j + 4*d + 22. Is j a prime number?
False
Let a = -10 - -6. Let n be 2*(-35)/a*2. Suppose -4*i = -17 - n. Is i a prime number?
True
Let h = -561 - -1730. Suppose 4*t = 3 + h. Is t a prime number?
True
Suppose 0 = -r + 2211 - 812. Is r composite?
False
Suppose c + 3 = 7. Let f(o) = 29*o - 4. Let z be f(c). Suppose -5*y + z + 63 = 0. Is y prime?
False
Suppose -4*c = -u - 8*c + 487, 2*c + 954 = 2*u. Is u composite?
False
Suppose k + 0*k + 2*r = 56, -2*r = 3*k - 180. Suppose -5*a - j + k = -212, 2*a - 105 = -5*j. Is a prime?
False
Is (-5)/((-30)/(-174))*-31 composite?
True
Let i = 289 - 198. Is i a composite number?
True
Let v(w) = 6*w + 4 + w**2 + 1 + 3*w - 4*w. Is v(-7) composite?
False
Suppose 4*u - 642 = u. Is u composite?
True
Is -3 - -259 - (-9 + 6) prime?
False
Suppose 0 = -3*u + 32 - 104. Let i = 95 + u. Is i a composite number?
False
Suppose 0*t = 2*t - 604. Suppose 0 = 3*r + 2*c - t - 37, -3*c = 0. Is r a prime number?
True
Let w be 1 - 2 - (-2 - 2). Suppose w*k + 1 = -2. Is 1*(k + 24 + -2) composite?
True
Let i be 2/(-10) + 3708/15. Suppose -5*o = -i - 98. Is o prime?
False
Suppose 6*p - 7898 = -920. Is p composite?
False
Let u(b) = b**3 + 10*b**2 - 14*b + 12. Let t(w) = w + 3. Let y(l) = -1. Let k(p) = -t(p) - 3*y(p). Let j(x) = 6*k(x) - u(x). Is j(-11) prime?
False
Suppose -7*z = -2*z. Let v(m) = 2*m**2 + 3*m + 2. Let d be v(-2). Suppose -4*c + z*b = -d*b - 60, -4*b + 60 = 4*c. Is c composite?
True
Suppose 0 = w - 5*w. Suppose w = q - 20 + 3. Let c = -2 + q. Is c prime?
False
Let u = -8673 + 4420. Is 4/24 + u/(-6) composite?
False
Suppose 0 = 2*x - 279 - 39. Suppose -5*f + 14 = -4*o, -5*o = -5*f + f + 13. Suppose -2*z = -3*u + x, f*u - 147 = -u - 2*z. Is u a composite number?
True
Suppose 3*x + z + 13 = 0, -2*z = -7*z - 5. Let u(g) = -33*g - 5. Is u(x) a composite number?
False
Let g(b) = -b**2 + 10*b - 7. Let w be g(8). Suppose -4*y = -w*y + 705. Is y composite?
True
Suppose k = -0*k + 89. Is k prime?
True
Suppose -2*c = -5*g + 597, 3*c = 4*g - 230 - 249. Is g composite?
True
Let g(q) = q**3 - 5*q**2. Let s be g(5). Let m = 4 + -6. Is 1 + s + 22 - m composite?
True
Is -11 + 34 - (-1 + -1) a composite number?
True
Suppose -z - 4*i = -1761, -2*i - 3532 = -2*z - 0*i. Is z prime?
False
Let p(i) be the third derivative of i**6/360 + 7*i**5/120 + i**4/6 + i**3/2 - 3*i**2. Let s(a) be the first derivative of p(a). Is s(-9) prime?
False
Let v = -7 - -148. Is v prime?
False
Let q(v) = -v**2 - 6*v + 8. Let n be q(-6). Suppose o - n = -5. Suppose o*d - 159 = -0*d. Is d composite?
False
Let v = 1316 - 856. Let m = v + -271. Let g = -134 + m. Is g prime?
False
Let z = -905 + 1536. Is z a composite number?
False
Suppose 53 = -2*u - 15. Let r = 57 - u. Is r a prime number?
False
Is 705*(10/(-6) + 2) a composite number?
True
Let v be (36/(-15))/((-2)/10). Is (-548)/(-16) + 9/v a composite number?
True
Suppose 3*m - 3*l = 2 + 7, -4*l + 6 = 5*m. Is -3 + (-162 - m)*-1 a prime number?
False
Let j(n) = 4*n + 0 - n**2 + 2 - 5. Let h be j(2). Is (-204)/(-6) + (h - -2) a composite number?
False
Let r be 8/(-1)*50/8. Let t = 132 - 45. Let f = t + r. Is f prime?
True
Let s(y) = 718*y**3. Let w be s(1). Suppose -2*j = -0*j - w. Is j prime?
True
Suppose 0 = -4*z + z + 411. Let w be (-6)/(-15)*(0 - -245). Let y = z - w. Is y prime?
False
Suppose -9*h = -h - 7368. Is h composite?
True
Let c(x) = -2*x**3 + x**2 + 2*x + 1. Let h be c(-1). Let b(r) = 2 + r**2 - 2*r**3 + 4*r**3 + r - 1. Is b(h) a composite number?
False
Suppose -s = s - 5*m - 62, 0 = 5*s - 4*m - 155. Is s composite?
False
Let b(d) be the first derivative of 4*d**3/3 - d**2 - 5*d + 3. Let g(w) = -w + 6. Let u be g(0). Is b(u) composite?
False
Suppose -5*o = -3*h + 26, -4*o = 5 + 11. Is (37/h)/((-6)/(-12)) a prime number?
True
Suppose -5*a + s - 165 + 2131 = 0, 0 = 4*a - s - 1572. Is a composite?
True
Suppose -3*i + 206 + 13 = 0. Suppose -17 = 4*a - i. Is a composite?
True
Let u(m) = -5*m**3 - 2*m**2 + 3*m. Let v be u(-4). Suppose -2*w - 38 = 4*t - v, -5*w + 3*t + 530 = 0. Is w composite?
False
Let q(g) be the second derivative of -g**5/20 + 5*g**4/6 - g**3/6 - g**2/2 + 2*g. Is q(8) a prime number?
False
Let h(q) = 2*q**2 + 2*q - 1. Let c be h(-2). Is 1 - c - -1 - -124 a composite number?
True
Suppose 9738 = -3*o - 2*c, 4*c + 3256 = -4*o + 3*o. Is o/(-8) - 6/(-4) composite?
True
Let c(t) = -3*t - 4. Let h be c(7). Is (1 + (-3 - h))*7 a composite number?
True
Let w = -26 - -11. Let b(v) = -v**3 - 5*v**2 + 5*v - 4. Let p be b(-6). Is (-1 - 1)*w/p a composite number?
True
Let y(w) = -413*w - 2. Let o(m) = -m + 5. Let n be o(6). Is y(n) composite?
True
Let l(h) = h**2 + h. Let y be l(2). Is ((-4)/y)/((-8)/5748) a prime number?
True
Let b be (-15)/(-3) - (1 - 1). Suppose 2*h = -5*g + 26, b*g - g = -4*h + 28. Suppose -14 = v - h*v. Is v prime?
True
Suppose -2*k - 1233 = -2*i - 85, -5*i = 3*k - 2838. Suppose -2*x + 4*x + 4*s + i = 0, 4*s = -3*x - 845. Let h = -196 - x. Is h composite?
False
Let o = 4046 - 1995. Is o composite?
True
Let b = 19 + -11. Let g be ((-57)/(-2))/((-4)/b). Is (g/(-6))/((-3)/(-6)) composite?
False
Let u be 2/3*(-3)/(-2). Is (u - 1) + 30 + -7 composite?
False
Suppose -2 = -2*k + 2. Suppose 46 = 3*r - k*r. Is r composite?
True
Let b(l) = 0 - l + 23 + 0*l. Is b(0) composite?
False
Let v = -1000 - -1635. Is v composite?
True
Let m(h) = -h**2 + 7*h + 7. Let k be m(8). Let l = 1 + k. Suppose b + 0*b - 9 = l. Is b a prime number?
False
Let u(j) = 2*j**2 + 5*j - 2. Suppose 3*n = -6*l + 3*l, 2*l + n = 2. Let c = -6 + l. Is u(c) a prime number?
False
Let f(h) = h**3 - 7*h**2 + h - 4. Let l be f(7). Suppose l*j = 7 + 23. Is j a composite number?
True
Let y(x) = 6*x**2 + 4*x + 5. Is y(-4) a prime number?
False
Let z(d) = -155*d + 2. Is z(-1) a composite number?
False
Let d = -185 + 338. Let x(v) = -v. Let l be x(-5). Suppose l*b = 2*b + d. Is b prime?
False
Is 11*(-10 + 5 - -16) a composite number?
True
Let i(s) = -2*s**2 - 4*s + 2 + 0 + s**3 + 3*s. Let u be i(-2). Let x = -2 - u. Is x prime?
False
Suppose -z = -3*t - 5*z + 1210, 5*t - 5*z = 2005. Is (6/(-9))/((-4)/t) prime?
True
Suppose -3 = 3*n - 24. Let v = n + -1. Let o(l) = 7*l**2 - 8*l - 1. Is o(v) prime?
False
Let l(p) = -p**3 + 10*p**2 - 3*p - 6. Let b be l(8). Let n = b + 17. Is n composite?
True
Let l = 327 + -233. Suppose 0 = o - 5*d - 2, 5*o + l = -5*d - 16. Is 48/o*246/(-8) a composite number?
True
Let m(k) = k - 1. Let z be m(6). Let p be (168/z)/((-9)/(-30)). Let v = p + -21. Is v a prime number?
False
Suppose 3*l + 4 = 10. Suppose 4*g - 2 + 3 = -o, -2*o - l = -2*g. Suppose -z - 2*z + 21 = g. Is z a composite number?
False
Let h(w) = -260*w + 9. Is h(-4) a composite number?
False
Let j(q) = 2*q**2 + 3*q - 1. Let l be j(-3). Let n = l + -1. Is n a composite number?
False
Let p be (-11)/(-1 - 21/(-20)). Suppose -5*c + 1545 = -2*f, -f = -0*f - 5. Let k = p + c. Is k prime?
False
Suppose 3*m = -5*y + 4, -3*y = -2*y + 4*m + 6. Let w be 25 + 1*4/y. Suppose 0 = u - 3*g - 28, -5*g = -u + w + 11. Is u prime?
True
Let t(k) = 6*k**2 + 3*k - 2. Let b(w) = 6*w**2 + 4*w - 2. Let h(s) = -3*b(s) + 4*t(s). Let u be (1 - (-2 + 1))/1.